is the highest common factor of v and 15?
15
Suppose -4*i = 0, -2*i + 7*i = -4*u + 132. Suppose 114 - 30 = 6*r. Suppose 12*c + 726 = r*c. Calculate the greatest common divisor of c and u.
33
Let p(v) = 2*v**2 + 3*v**2 - 2 + v - 2*v**2 - 2*v**2. Let z be p(-4). Suppose 2*o = j - 20 + 1, 3*j - 90 = -5*o. Calculate the highest common factor of z and j.
5
Suppose -y - 2*m = -22, -2*y + 37 = 2*m + 3. Let p(r) = r**3 - 9*r**2 + 10*r - 12. Let c be p(8). Calculate the greatest common divisor of c and y.
4
Let b be 6/33 - (625/(-11) + -11). Let r(v) = 8*v + 2. Let l be r(4). What is the highest common factor of b and l?
34
Let a = 198 - -231. What is the highest common divisor of a and 39?
39
Suppose y - 3 = -f, 4*f + 9 = 17. Calculate the highest common factor of 3 and y.
1
Suppose 4*r = 9*r - 20. Suppose -r*b = o - 74, 0 = -2*b + 5 + 5. Calculate the highest common factor of o and 36.
18
Let t(x) = -x**3 - 9*x**2 - 7*x - 4. Let b be t(-9). Let f = 113 - b. Let o be 12/(-20) + f/15. What is the highest common divisor of 2 and o?
1
Let j(a) = -a**3 + 7*a**2 - 7*a - 1. Let f = -7 + 12. Let r be j(f). Suppose 5*v - r = 51. Calculate the greatest common factor of 104 and v.
13
Let y(k) = -k**3 - 4*k**2 + 4*k - 3. Let o be y(5). Let m = -113 - o. What is the highest common factor of 38 and m?
19
Let y = -923 + 982. What is the highest common factor of y and 59?
59
Let f(d) = -9*d + 26. Let w be f(0). Calculate the greatest common factor of 104 and w.
26
Let h be (-6)/(-8) - 87/(-12). Suppose 7 = 2*w - 11. Suppose -9*r + w = -0*r. What is the highest common divisor of r and h?
1
Let k be (2 + 2 - 40)*(-1 + -1). Suppose -k = 30*b - 33*b. Calculate the highest common divisor of b and 8.
8
Suppose 89 = -2*m - 1015. Let k = -335 - m. What is the highest common divisor of k and 31?
31
Suppose 3*m + 4*i - 65 = 0, 3*m - i - 11 - 74 = 0. Let l(r) = -211*r + 5. Let k be l(-1). What is the highest common divisor of m and k?
27
Suppose -4*m = 4*x - 176, -2*x = -5*m - 34 - 26. Let z(q) = -q**2 + 14*q + 5. Let k be z(14). What is the greatest common factor of k and x?
5
Suppose -8*d = -7*d - 154. Let r(j) = j**3 - j**2 + j + 14. Let c be r(0). What is the greatest common divisor of c and d?
14
Suppose 4*o - 4 = -16. Let g be 4/(-24)*2*o. Let m = 18 - 10. What is the highest common factor of g and m?
1
Let y = -171 + 101. Let a = y + 145. Calculate the highest common factor of a and 50.
25
Let x = 41 + -86. Let z be 62/8 + x/60. What is the highest common factor of z and 70?
7
Suppose -d + 5*q + 769 = 0, -5*d = 3*q - 4615 + 714. Calculate the highest common factor of d and 38.
19
Suppose -4*g - 3*w = -118, 3*w + 18 - 164 = -5*g. What is the highest common divisor of g and 938?
14
Let l be (-210 + -9)*(-2 - 21/(-9)). Let i = l + 90. Calculate the highest common divisor of 1 and i.
1
Let t(r) = -2*r**3 - 12*r**2 - 11*r - 14. Let p be t(-6). Let o be 1/(1 - 50/p). Suppose -362 + 102 = -4*s. Calculate the highest common factor of s and o.
13
Let i(p) = 2*p - 19. Suppose -o - g = -13, 0 = -5*g + 8 + 2. Let h be i(o). Let c(t) = 2*t + 1. Let a be c(h). What is the greatest common divisor of 49 and a?
7
Suppose 2*q = -5*h + 21, -4*q = -1 + 9. Let x = 6 - h. What is the greatest common divisor of x and 4?
1
Let y = 15 + -9. Suppose -6*d - 35 = 3*u - 4*d, -4*u - 20 = -4*d. Let s be 93/5 - u/(-15). Calculate the highest common factor of y and s.
6
Let f = 36 - -64. Suppose 5*w - 8*w = -12. Suppose -i = -w*i + 120. Calculate the highest common divisor of f and i.
20
Let n be ((-2)/3)/((-7)/21). Suppose -n*w + 162 = w. Let h be 3/((-51)/w + 1). Calculate the highest common factor of 6 and h.
6
Let c(p) = -p + 70. Let t be c(0). Let h = -521 + 535. What is the highest common divisor of t and h?
14
Let s(n) = -n**3 + 16*n**2 - 15*n + 4. Let w be s(11). Let z = 653 - w. Calculate the highest common divisor of z and 19.
19
Let d(p) = -p**3 - 9*p**2 - 16*p + 14. Let g be d(-6). Suppose -j - j = -36. Calculate the highest common factor of j and g.
2
Let k = -53 - -49. Let i be (2 - 3/2) + (-22)/k. Let p = 71 + -17. Calculate the highest common divisor of p and i.
6
Suppose -484 - 935 = -11*f. What is the greatest common divisor of 215 and f?
43
Suppose -i + 4*q + 415 = 2*i, 4*i - 536 = q. What is the greatest common factor of 21 and i?
7
Let n be (7/2)/(1/30). Suppose 14*r - 19*r + 2520 = 0. Suppose 9*d - r = -3*d. Calculate the greatest common divisor of n and d.
21
Let k = -49 - -53. Let o be (-511)/(-5) + (k + -5)/5. What is the highest common factor of o and 17?
17
Suppose 90 = 7*p - 302. What is the greatest common divisor of p and 104?
8
Let m(o) = -33*o + 244. Let v be m(7). What is the highest common factor of 52 and v?
13
Suppose 13 = -k + 2. Let q(z) = 3*z**2 + 9*z - 11. Let v be q(k). Calculate the greatest common divisor of 23 and v.
23
Suppose 0*y = -2*y. Let p = y - -189. What is the highest common divisor of p and 27?
27
Let k = 8 - 5. Let j(c) = -4*c + c**2 + 66*c**3 - 67*c**3 - 1 - 5*c**2. Let u be j(-3). Calculate the highest common divisor of u and k.
1
Suppose 3*z + 245 = -k + 6*k, 5*k = -5*z - 355. Let d = -30 - z. What is the highest common divisor of 18 and d?
9
Let a = 558 + -257. Suppose -a - 374 = -5*g. Calculate the highest common divisor of g and 15.
15
Let j be 238/70 - (-2)/(-5). Suppose j*f + 4 = 4*f. Suppose 2*q + f*q - 54 = 0. What is the highest common divisor of 9 and q?
9
Let w = 53 + -28. Suppose -2*i - w = -7*i. Suppose -i*k + 6 = -4. What is the greatest common factor of k and 2?
2
Let t = 825 - 800. Let b be 25*(1 + (2 - 2)). What is the greatest common divisor of t and b?
25
Let g(w) = w**3 + 35*w**2 - 37*w - 16. Let j be g(-36). Calculate the highest common divisor of 60 and j.
20
Let h be (1 + 1 - (-3 - 4)) + -4. Suppose 4*o + 596 = 2*f, 0*f - 1550 = -h*f - 5*o. Calculate the highest common divisor of f and 18.
18
Let y(z) = -z**2 - 5*z + 1. Let i(p) = p**3 + 3*p**2 + 5*p + 3. Let f be i(-2). Let u be y(f). What is the highest common factor of 63 and u?
7
Let i = 171 - 117. Calculate the greatest common divisor of 135 and i.
27
Let m(r) = -r**2 + 11*r + 6. Let v be m(13). Let q = v - -26. Let o = 40 - 31. What is the greatest common factor of o and q?
3
Let q = 5373 - 2909. What is the greatest common factor of q and 112?
112
Let b = -93 + 145. What is the highest common factor of 130 and b?
26
Let y(i) = -83*i - 588. Let h be y(-28). Calculate the highest common divisor of h and 56.
56
Suppose 0 = 2*w - 48 + 8. Suppose 0 = -5*r - 20, -5*m - 2*r = -226 - 81. Suppose -3*g + m = 3. What is the greatest common divisor of g and w?
20
Suppose -2*g - 4*q + 64 = 0, 3*g - 9*q - 96 = -4*q. What is the highest common divisor of g and 28?
4
Suppose -176 = -2*x - 4*v, 4*x - 9*v - 352 = -4*v. What is the greatest common divisor of x and 8?
8
Let g(z) = -z**2 + 11*z - 21. Let i be g(6). Let r(x) = x**3 - 7*x**2 + 9. Let d be r(7). Calculate the highest common divisor of i and d.
9
Let p be 10/(49/35 + 1 + -2). Calculate the greatest common divisor of 45 and p.
5
Let s = 188 - 97. Calculate the greatest common factor of s and 7.
7
Suppose 206 = 8*j - 274. What is the highest common divisor of j and 60?
60
Let m = 1547 - 1487. What is the greatest common factor of 66 and m?
6
Suppose -i - 4*q + 0 = -13, -8 = -2*q. Let k(s) = 3*s**2 - 3*s + 1. Let p be k(i). What is the highest common factor of 259 and p?
37
Let m be -15 + 9 + 7*9. What is the greatest common divisor of m and 76?
19
Let m(u) = u**3 - 9*u**2 + 10*u + 5. Let x = 13 - 33. Let p = -12 - x. Let n be m(p). Calculate the greatest common divisor of 7 and n.
7
Suppose -4*g + 23 = 3*w, 3*w + 1 = 4. Let s(y) = -y**2 + 8*y + 5. Let r be s(g). What is the greatest common divisor of 10 and r?
10
Let q(c) = 3 - 2*c - 3*c - 12*c**2 + 13*c**2 + 0*c. Let d be q(6). Let g be 9 + 2 + 4 + -6. What is the greatest common divisor of d and g?
9
Let h(y) = 35*y**3 - 60*y**3 - 3*y + 5 + 28*y**3 + y**2. Let c be h(2). Let i = -9 + c. What is the highest common factor of i and 45?
9
Let z = 7 - 2. Suppose -u - 3*f + 32 = 0, -u + 16 = 5*f - 12. Suppose -3 + u = z*a. What is the greatest common divisor of 1 and a?
1
Let o(b) = -3*b**3 + 4*b**2 + 12*b + 9. Let w be o(-4). Calculate the highest common divisor of w and 62.